ors of 479085841.
13, 59, 223, 2801
List the prime factors of 432239067.
3, 13, 3694351
List the prime factors of 804482396.
2, 61, 3297059
List the prime factors of 705976619.
449, 1572331
List the prime factors of 2225386407.
3, 741795469
What are the prime factors of 45725702?
2, 11, 23, 3929
List the prime factors of 21197436.
2, 3, 13, 17, 7993
List the prime factors of 114420983.
19, 37, 47, 3463
What are the prime factors of 6699439933?
6699439933
What are the prime factors of 122657781?
3, 23, 179, 9931
What are the prime factors of 272771312?
2, 11, 1549837
What are the prime factors of 413064894?
2, 3, 11, 31, 201889
What are the prime factors of 60808804?
2, 7, 557
List the prime factors of 434268907.
434268907
What are the prime factors of 11118814?
2, 7, 794201
What are the prime factors of 3563925905?
5, 53, 157, 85661
List the prime factors of 8779839.
3, 859, 3407
What are the prime factors of 941240450?
2, 5, 149, 126341
What are the prime factors of 1433790?
2, 3, 5, 89, 179
List the prime factors of 70057104.
2, 3, 13, 19, 311
List the prime factors of 4961741007.
3, 643, 2572183
What are the prime factors of 3604396655?
5, 67, 10759393
List the prime factors of 635182438.
2, 11, 28871929
List the prime factors of 28550607.
3, 157, 60617
List the prime factors of 1791457977.
3, 17, 29, 31, 41, 953
What are the prime factors of 18075567?
3, 157, 38377
What are the prime factors of 11614026?
2, 3, 17, 31, 3673
List the prime factors of 6838298425.
5, 7, 101, 386891
What are the prime factors of 304948797?
3, 101649599
List the prime factors of 4607389727.
439, 1663, 6311
List the prime factors of 306553893.
3, 102184631
What are the prime factors of 88620052?
2, 109, 439, 463
List the prime factors of 14612514.
2, 3, 7, 139, 2503
List the prime factors of 12590806.
2, 19, 331337
What are the prime factors of 1956635738?
2, 978317869
What are the prime factors of 259854924?
2, 3, 7, 3093511
List the prime factors of 940433790.
2, 3, 5, 31347793
List the prime factors of 2394070.
2, 5, 7, 23, 1487
What are the prime factors of 99859942?
2, 7, 13, 103, 761
List the prime factors of 1772060530.
2, 5, 23, 43, 233, 769
What are the prime factors of 80010913?
29, 347, 7951
List the prime factors of 175744311.
3, 23, 43, 59233
What are the prime factors of 550733806?
2, 7, 79, 577, 863
List the prime factors of 85265398.
2, 42632699
What are the prime factors of 646105507?
19, 37, 103, 8923
What are the prime factors of 5968312296?
2, 3, 47, 67, 157, 503
What are the prime factors of 56284289?
19, 23, 37, 59
What are the prime factors of 87104371?
29, 673, 4463
What are the prime factors of 2049733720?
2, 5, 137, 374039
What are the prime factors of 166979696?
2, 13, 802787
What are the prime factors of 185254128?
2, 3, 223, 641
What are the prime factors of 48670199?
239, 203641
What are the prime factors of 4270897377?
3, 474544153
What are the prime factors of 3467858642?
2, 587, 2953883
What are the prime factors of 280885991?
653, 430147
What are the prime factors of 533973635?
5, 13, 23, 251, 1423
What are the prime factors of 12412868?
2, 13, 238709
List the prime factors of 49121996.
2, 7, 11, 43, 3709
What are the prime factors of 4133790810?
2, 3, 5, 43, 24841
What are the prime factors of 6548032034?
2, 3274016017
What are the prime factors of 178641975?
3, 5, 2381893
List the prime factors of 924901503.
3, 127, 701, 3463
What are the prime factors of 507031087?
507031087
List the prime factors of 2310424162.
2, 11059, 104459
What are the prime factors of 1143023467?
1571, 727577
What are the prime factors of 40232039?
40232039
List the prime factors of 3267306297.
3, 363034033
What are the prime factors of 25831155?
3, 5, 7, 246011
What are the prime factors of 79805777?
67, 1191131
List the prime factors of 1188400337.
1188400337
What are the prime factors of 2453180439?
3, 817726813
What are the prime factors of 178553713?
13, 13734901
What are the prime factors of 209527835?
5, 11, 41, 8447
What are the prime factors of 4803194777?
31, 103, 1504289
List the prime factors of 330578513.
31, 10663823
List the prime factors of 87044317.
419, 207743
List the prime factors of 62092057.
19, 179, 18257
List the prime factors of 1279633810.
2, 5, 7, 13, 31, 45361
List the prime factors of 3089265391.
7789, 396619
List the prime factors of 3584427513.
3, 293, 4077847
List the prime factors of 268798147.
61, 4406527
List the prime factors of 367216775.
5, 43, 341597
What are the prime factors of 10848879?
3, 109, 11059
List the prime factors of 407343298.
2, 203671649
List the prime factors of 224361550.
2, 5, 7, 23, 47, 593
List the prime factors of 31045641.
3, 11, 439, 2143
What are the prime factors of 75448980?
2, 3, 5, 419161
List the prime factors of 418053110.
2, 5, 5557, 7523
What are the prime factors of 989739517?
13, 76133809
What are the prime factors of 1365347263?
7, 5233, 37273
What are the prime factors of 195031154?
2, 3853, 25309
List the prime factors of 439045552.
2, 11, 37, 67421
List the prime factors of 169487312.
2, 73, 145109
List the prime factors of 156178229.
229, 682001
What are the prime factors of 128986330?
2, 5, 11, 47, 61, 409
What are the prime factors of 3448903088?
2, 103, 173, 12097
What are the prime factors of 112975512?
2, 3, 13, 97, 3733
What are the prime factors of 6200781211?
61, 89, 1142159
What are the prime factors of 51933769?
823, 63103
List the prime factors of 80788681.
97, 229, 3637
What are the prime factors of 1445902194?
2, 3, 11, 4481, 4889
What are the prime factors of 92905077?
3, 587, 52757
What are the prime factors of 23444293?
23444293
What are the prime factors of 125963167?
11, 11451197
List the prime factors of 1138353028.
2, 41, 79, 2143
List the prime factors of 103870565.
5, 89, 233417
What are the prime factors of 435820053?
3, 145273351
What are the prime factors of 170377263?
3, 7, 41, 349
List the prime factors of 112635772.
2, 31, 908353
List the prime factors of 12576340.
2, 5, 7, 41, 313
What are the prime factors of 3639459?
3, 1213153
List the prime factors of 125949441.
3, 397, 105751
List the prime factors of 17585296.
2, 1099081
What are the prime factors of 7591829412?
2, 3, 397, 1593583
List the prime factors of 168399244.
2, 13, 79, 40993
What are the prime factors of 1069225727?
17, 3699743
What are the prime factors of 631928542?
2, 7, 23, 71, 131, 211
List the prime factors of 983290451.
11, 13, 19, 361903
List the prime factors of 1918465527.
3, 11, 541, 9769
List the prime factors of 926397464.
2, 115799683
What are the prime factors of 4438048?
2, 331, 419
What are the prime factors of 156729785?
5, 31345957
What are the prime factors of 2857361451?
3, 7, 61, 318653
What are the prime factors of 13156468?
2, 13, 503
List the prime factors of 824324875.
5, 11, 31, 83, 233
What are the prime factors of 1654923399?
3, 9833, 56101
List the prime factors of 66870786.
2, 3, 1451, 7681
List the prime factors of 913930838.
2, 139, 3287521
What are the prime factors of 54010399?
6961, 7759
List the prime factors of 1344967821.
3, 614983
List the prime factors of 11721755.
5, 17, 239, 577
List the prime factors of 26159276.
2, 11, 13, 19, 29, 83
What are the prime factors of 224360666?
2, 1021, 109873
What are the prime factors of 24393681?
3, 13, 208493
What are the prime factors of 105932029?
7, 15133147
What are the prime factors of 685300844?
2, 359, 477229
What are the prime factors of 477599522?
2, 277, 811, 1063
List the prime factors of 18223403.
11, 1656673
List the prime factors of 98688338.
2, 7, 7049167
What are the prime factors of 323178517?
17, 19010501
List the prime factors of 196972663.
3767, 52289
List the prime factors of 1989042488.
2, 29, 89, 96331
What are the prime factors of 464325410?
2, 5, 41, 67, 16903
What are the prime factors of 43532886?
2, 3, 17, 29, 14717
List the prime factors of 645736245.
3, 5, 7, 11, 17, 32887
What are the prime factors of 2773782522?
2, 3, 7, 457, 16057
What are the prime factors of 1054558462?
2, 527279231
What are the prime factors of 145982123?
7, 2979227
List the prime factors of 457926916.
2, 31, 1129, 3271
What are the prime factors of 332621267?
11, 30238297
List the prime factors of 